i(m) = 688*m + 2054. What is i(-3)?
-10
Let p(r) = -2*r**3 - 16*r**2 - 4*r - 39. Give p(-8).
-7
Let l(k) = 19*k + 650. Determine l(-36).
-34
Let c(p) = 26*p + 1610. What is c(-62)?
-2
Let i(y) = 2*y**2 - 57*y + 101. Determine i(30).
191
Let w(n) = -n**2 + 218*n - 1874. What is w(9)?
7
Let x(w) = w**2 + 23*w + 190. Calculate x(-7).
78
Let b(p) = -p**3 - 3*p**2 - 98*p - 708. What is b(-6)?
-12
Let o(r) = 38*r - 926. What is o(24)?
-14
Let z(i) = -18*i - 1638. What is z(-88)?
-54
Let l(x) = 17*x**2 - 10*x + 39. What is l(5)?
414
Let x(g) = 3*g**2 - 99*g - 89. What is x(33)?
-89
Let m(g) = -3*g**2 - 213*g - 603. Determine m(-68).
9
Let k(o) = o**2 + 440*o + 7600. Calculate k(-18).
4
Let n(k) = k**3 + 55*k**2 - 51*k + 271. Calculate n(-56).
-9
Let a(q) = -q**3 - 98*q**2 - 550*q + 207. Determine a(-92).
23
Let r(o) = 7*o**2 + 94*o - 6531. Give r(-38).
5
Let p(t) = 4*t**3 + 25*t**2 + 15*t + 60. Determine p(-6).
6
Let i(o) = 5*o**2 - 341*o + 1402. Give i(4).
118
Let s(u) = -4*u**2 + 5*u + 25. Give s(-6).
-149
Let g(n) = 343*n + 1749. Give g(-5).
34
Let i(u) = -8*u + 101. Give i(9).
29
Let y(z) = 59*z + 29. What is y(0)?
29
Let f(g) = g**3 - 22*g**2 + 22*g + 88. Calculate f(21).
109
Let g(n) = n**3 - 28*n**2 + 27*n + 69. Calculate g(27).
69
Let k(p) = -p**3 - 36*p**2 + 71*p - 3. Determine k(2).
-13
Let v(p) = -p**2 + 14*p + 7. Give v(10).
47
Let j(u) = -6*u**3 + 9*u**2 + 34*u - 15. What is j(4)?
-119
Let q(n) = -267*n - 1301. What is q(-4)?
-233
Let n(i) = -2*i**2 - 924*i + 34785. What is n(35)?
-5
Let d(v) = 258*v - 8244. Give d(32).
12
Let r(z) = -z**3 + 23*z**2 + 8*z - 87. Determine r(23).
97
Let p(u) = -2*u**3 - 24*u**2 - 23*u - 24. Determine p(-11).
-13
Let v(n) = -5*n**2 + 8*n - 9. Determine v(1).
-6
Let s(t) = -2*t**3 + 69*t**2 + 108*t + 16. What is s(36)?
16
Let r(j) = -1214*j + 27940. What is r(23)?
18
Let m(u) = -158*u - 45344. Calculate m(-287).
2
Let p(b) = -2*b**3 - 46*b**2 - 41*b + 60. What is p(-22)?
-6
Let a(i) = 253*i + 1584. Give a(-7).
-187
Let i(a) = 6*a**2 - 10*a - 55. Determine i(3).
-31
Let s(n) = -5035*n - 65449. Determine s(-13).
6
Let n(o) = o**2 - 294*o - 9144. Give n(-28).
-128
Let w(c) = -333*c**2 - 71*c + 7. Give w(-1).
-255
Let l(q) = -2*q**2 - 25*q - 98. What is l(-11)?
-65
Let o(h) = 253*h**2 + 3272*h - 219. Give o(-13).
2
Let k(c) = -c**3 + 7*c**2 - 28*c + 43. Give k(2).
7
Let h(d) = 7*d**2 - 19*d - 70. Determine h(-3).
50
Let l(x) = -x**2 + 20*x - 11. Calculate l(15).
64
Let o(j) = 5*j + 189. Give o(-40).
-11
Let l(k) = -472*k - 22662. Give l(-48).
-6
Let i(z) = -80*z**2 + 17*z - 18. What is i(1)?
-81
Let t(w) = -13*w**2 + 465*w - 28. What is t(35)?
322
Let s(n) = 254*n**2 + 1781*n + 25. What is s(-7)?
4
Let o(b) = -8*b**3 - 216*b**2 - 11*b - 292. Calculate o(-27).
5
Let g(u) = -2*u**3 - 3*u**2 + 21*u + 55. Give g(-4).
51
Let s(c) = c**2 + 91*c - 187. What is s(2)?
-1
Let s(t) = -2*t**2 + 8*t - 11. Give s(2).
-3
Let y(j) = -69*j**2 + 57*j + 17. What is y(1)?
5
Let g(k) = -2*k**3 + 6*k + 17. Determine g(-2).
21
Let c(v) = -v - 118. Give c(-117).
-1
Let t(f) = 20*f**2 - 83*f - 16. Give t(4).
-28
Let m(u) = 2*u + 118. Give m(-9).
100
Let c(l) = -9*l**2 + 61*l + 5. What is c(7)?
-9
Let m(i) = -9*i**2 + 20*i + 19. Determine m(-1).
-10
Let f(l) = -7*l**3 - 15*l**2 + 6*l + 1. Determine f(-2).
-15
Let u(r) = r**2 - 126*r + 3527. What is u(42)?
-1
Let y(i) = 2*i**2 + 61*i + 438. Calculate y(-14).
-24
Let j(w) = -2*w**2 + 89*w - 355. Give j(40).
5
Let x(f) = -15*f**2 - 1257*f + 242. Give x(-84).
-10
Let p(x) = 4*x**3 - 24*x**2 - 5*x + 9. What is p(6)?
-21
Let n(g) = -28*g + 2268. Determine n(81).
0
Let c(q) = -4*q**3 + 141*q**2 + 103*q + 97. Determine c(36).
-83
Let v(t) = -4*t**3 + 118*t**2 + 63*t + 30. Give v(30).
120
Let i(s) = 4*s**2 + 814*s - 341. What is i(-204)?
67
Let f(y) = -4*y**3 + 32*y**2 - 12*y - 12. Give f(8).
-108
Let q(o) = 34*o - 1612. Give q(47).
-14
Let u(q) = 701*q + 1395. Calculate u(-2).
-7
Let g(w) = 58*w - 1727. Give g(31).
71
Let i(a) = -32*a**3 + 4*a**2 + 6*a - 3. Calculate i(-2).
257
Let i(r) = -r**3 + 2*r**2 + 20*r + 338. Give i(0).
338
Let z(l) = l**3 - 13*l**2 - 57*l - 33. Determine z(-4).
-77
Let h(k) = -2*k**3 - 52*k**2 - 98*k - 37. Give h(-24).
11
Let p(o) = 2*o**3 + 6*o**2 - o - 4. Determine p(1).
3
Let p(m) = -m**3 - 10*m**2 - 6*m - 15. Give p(-9).
-42
Let h(r) = 2*r**3 + 4*r**2 + 18*r + 7. Give h(-5).
-233
Let a(f) = -f**3 + 8*f**2 - 271*f + 1612. Give a(6).
58
Let n(t) = t**3 - 96*t**2 + t - 36. Calculate n(96).
60
Let g(l) = -3833*l - 23000. Calculate g(-6).
-2
Let p(d) = 3*d**3 - 9*d**2 + 5*d + 28. Give p(4).
96
Let x(j) = j**3 - 23*j**2 + 130*j - 22. Calculate x(13).
-22
Let j(c) = 2*c**3 + 12*c**2 + 28*c + 161. Calculate j(-6).
-7
Let j(y) = -23*y**2 + 68*y - 19. Calculate j(6).
-439
Let k(s) = 24*s - 2870. Calculate k(108).
-278
Let l(j) = 2*j**2 + 33*j + 7. Calculate l(9).
466
Let o(g) = g**2 + 22*g + 103. Give o(-11).
-18
Let o(i) = -5*i**2 + 63*i - 150. Determine o(3).
-6
Let h(x) = -39*x**2 + 431*x - 23. Give h(11).
-1
Let a(g) = g**3 - 8*g**2 + 13*g - 99. Determine a(5).
-109
Let v(h) = -h**2 + 118*h - 110. Calculate v(117).
7
Let t(u) = -9*u**2 - 523*u + 3452. Give t(6).
-10
Let q(w) = -46*w + 236. Calculate q(5).
6
Let g(r) = 13*r - 310. Determine g(24).
2
Let q(c) = -15*c - 257. What is q(-8)?
-137
Let w(d) = d**2 - 1749*d - 37174. What is w(-21)?
-4
Let h(j) = 29*j - 193. Determine h(7).
10
Let n(l) = 193*l - 831. Calculate n(6).
327
Let i(n) = n**3 - 18*n**2 - 3*n. Give i(18).
-54
Let n(a) = -6*a**2 + 41*a + 41. Calculate n(-1).
-6
Let q(a) = -2*a**3 - 15*a**2 + 35*a + 65. Calculate q(-9).
-7
Let g(a) = -4*a**3 + 220*a**2 - a + 46. Give g(55).
-9
Let j(u) = 67*u + 5008. What is j(-75)?
-17
Let z(v) = -31*v + 155. Calculate z(4).
31
Let x(y) = -y**3 + 46*y**2 - 34*y - 516. Determine x(45).
-21
Let k(z) = -z**2 - 41*z - 438. Calculate k(-15).
-48
Let n(g) = -20*g**2 - 7*g + 1. What is n(-3)?
-158
Let f(p) = p**3 - 6*p**2 + 23*p + 21. Give f(9).
471
Let b(i) = 2*i**3 + 11*i**2 - 2*i + 6. Give b(-5).
41
Let k(y) = -2*y**2 + 1400*y + 7018. Calculate k(-5).
-32
Let v(l) = 14*l - 226. Determine v(14).
-30
Let f(l) = -l**2 - 85*l - 325. What is f(-4)?
-1
Let b(w) = -w**2 - 40*w - 4. What is b(-40)?
-4
Let a(g) = 12*g - 1110. Determine a(92).
-6
Let s(o) = -o**2 + 38*o + 858. Calculate s(-16).
-6
Let y(z) = -2*z**3 + 2*z**2 - 12*z + 3. What is y(-6)?
579
Let s(r) = 3*r**3 - 14*r**2 + 25*r + 1. Determine s(2).
19
Let t(s) = 86*s - 39. Calculate t(3).
219
Let j(r) = -r**2 - 27*r - 94. Determine j(-22).
16
Let j(x) = 11*x**2 - 408. Determine j(6).
-12
Let a(c) = -c**2 - 65*c - 389. Determine a(-6).
-35
Let k(d) = 125*d**2 - 1013*d - 1. Determine k(8).
-105
Let t(b) = -279*b + 1170. What is t(4)?
54
Let j(k) = k**3 - 18*k**2 + 83*k - 95. Determine j(5).
-5
Let g(h) = 2*h**2 - 38*h - 1326. Calculate g(37).
6
Let v(c) = -3*c**2 + 32*c - 64. What is v(18)?
-460
Let w(r) = -r**2 + 5*r + 192. Give w(15).
42
Let t(h) = 52*h + 494. Calculate t(-16).
-338
Let l(h) = -2*h**2 + 98*h + 97. Give l(50).
-3
Let b(c) = -173*c - 1570. Calculate b(-9).
-13
Let i(l) = -16*l - 552. Calculate i(-36).
24
Let s(y) = -y**2 + 85*y - 1758. What is s(35)?
-8
Let s(g) = -g**2 + 72*g - 375. What is s(68)?
-103
Let f(j) = 16*j + 148. Calculate f(-28).
-300
Let y(h) = 10*h**2 - 68*h + 4. Determine y(-5).
594
Let n(b) = 13*b - 57. Calculate n(10).
73
Let z(j) = 3*j**3 - 3*j**2 + 11*j + 8. Determine z(5).
363
Let z(v) = 30*v + 536. What is z(-19)?
-34
Let g(n) = -73*n - 85. What is g(-1)?
-12
Let k(l) = -l**2 - 17*l - 67. Give k(-16).
-51
Let p(f) = 3*f**2 - 11*f + 73. Determine p(12).
373
Let i(z) = 5*z**2 - 38*z - 12. Give i(8).
4
Let l(s) = -8*s**2 - 163*s - 26. Calculate l(-18).
316
Let p(y) = 223*y + 20712. What is p(-93)?
-27
Let k(q) = q**3 - 36*q**2 + 26*q + 274. Give k(35).
-41
Let n(g) = -129*g - 520. Determine n(-4).
-4
Let n(m) = -m**2 - 155*m + 8281. What is n(42)?
7
Let s(d) = d**2 - 170*d + 6398. Give s(57).
-43
Let c(d) = -d**3 + 28*d**2 + 88*d + 148. Determine c(31).
-7
Let v(t) = -2*t**2 - 89*t - 744. Calculate v(-34).
-30
Let x(o) = 59*o + 959. What is x(-16)?
15
Let h(m) = -341*m**2 - 262*m + 2. What is h(-1)?
-77
Let u(g) = -14*g**2 - 26*g - 5. What is u(2)?
-113
Let n(c) = -c**3 + 10*c**2 - 11*